y u.
12
Let o be (8 - 5) + 2 + -2. Suppose 0*i + i - 2 = o*v, -8 = -4*i + v. What is the remainder when 3 is divided by i?
1
Let c(t) = 10*t**2 - 1. Let k be c(-3). Suppose 8 = -3*i + k. Let p(o) = o**3 + 12*o**2 + 6*o + 1. What is the remainder when p(-4) is divided by i?
24
Suppose -34*r + 2838 = -698. Calculate the remainder when r is divided by 43.
18
Let l = -230 - -345. Suppose 4*z = 282 - 34. Let j = z + -32. What is the remainder when l is divided by j?
25
Let y(c) = 14*c - 33. Let f = -3 - -3. Suppose f*i = -i + 6. What is the remainder when y(4) is divided by i?
5
Suppose 3*s = -s + 12. Suppose -187 = -s*a + 6*y - y, 2*a + 3*y - 93 = 0. Calculate the remainder when a is divided by 28.
26
Let o(h) = -12*h - 105. Calculate the remainder when 44 is divided by o(-10).
14
Suppose 3*y - 6 = 0, 3*t + y - 3*y - 560 = 0. Calculate the remainder when t is divided by 24.
20
Suppose 3*d + 25 = 5*j, 2*d = 2*j - 23 + 9. Suppose 20*v + 1 - 51 - 10 = 0. Calculate the remainder when v is divided by j.
1
Suppose 2 + 2 = -4*u. Let c be -2 - -1*(11 - u). Calculate the remainder when 308/c - (-9)/45 is divided by 17.
14
Suppose 2*z + 5 = 3*z. Let t(p) = p**3 - 11*p**2 + 3*p - 26. Calculate the remainder when t(11) is divided by z.
2
Let a = 75 + 65. Suppose -4*j + 3*u = -112, -u = -5*j + u + a. Suppose p - 3*m - 1 = -0, 2*m = -4*p + 46. What is the remainder when j is divided by p?
8
Let v be (4/(-2))/2 + 6. Suppose -2*h = -6*h - v*i + 302, -i = h - 76. What is the remainder when h is divided by 40?
38
Let a be (-1 - -7) + (6 - 10). Suppose 10 = 5*i, 4*t + a*i - 162 = i. What is the remainder when t is divided by 22?
18
Suppose -7*o - 667 = -36*o. What is the remainder when 84 is divided by o?
15
Suppose 257 = -3*d + 5*g, -d - 169 = d - g. Let j be (-2)/7 + (-24)/d. Suppose j = 2*r - 23 - 5. Calculate the remainder when 54 is divided by r.
12
Let g = -47 + 105. Let c = g + -6. Calculate the remainder when c is divided by 18.
16
Let w(k) = k**2 - 8*k + 10. What is the remainder when w(7) is divided by (4 - 52/8)*(-132)/165?
1
Let w be -2*(-1 + 82/(-4)). Let t(r) = 2*r**3 - 3*r**2 + 21*r - 42. Let c be t(2). Suppose -w - 13 = -c*k. Calculate the remainder when k is divided by 3.
2
Suppose 0 = -0*w + 2*w + 12. Let h be (-195)/10*w/9. Let i = h + 14. Calculate the remainder when 104 is divided by i.
23
Let x(d) = -7*d - 86. What is the remainder when 376 is divided by x(-20)?
52
Let g(b) be the first derivative of 14*b**3/3 - b**2/2 - b + 4. Suppose 47 - 8 = z. What is the remainder when z is divided by g(-1)?
11
Suppose -57*z + 52*z + 140 = 0. Let w(r) = -r**2 + 5*r. Let h be w(5). What is the remainder when h - 2 - (-165)/3 is divided by z?
25
Suppose 5*q = o - 19, 6*o - 27 = 5*q + 3*o. Calculate the remainder when q*-1*85/3 is divided by 29.
27
Suppose l - 75 = -2*g, -174 = -2*l - 4*g + 6*g. Calculate the remainder when l is divided by 12.
11
Calculate the remainder when 585 is divided by 42*(2/(-20) - 9/(-15)).
18
Let t(m) = -m**2 - 15*m + 51. What is the remainder when t(-14) is divided by 18?
11
Let h be 320 + (2 - (2 - 4)). Suppose -h = p - 5*p. Let s = 38 + -17. Calculate the remainder when p is divided by s.
18
Suppose -4*y = 4*r - 164, -4*r + 5*y = 2*y - 199. What is the remainder when r is divided by 14?
4
Let y be 12/(-30) + (-4)/(-10). Calculate the remainder when -2 - (y + -2) - -14 is divided by (24/20)/((-3)/(-10)).
2
Let j be -42 - -4 - 1*-2. Let v = -17 - j. Suppose 0*h = -5*h + 2*i + 50, h = -2*i + 10. Calculate the remainder when v is divided by h.
9
What is the remainder when 678/4 + 5/(-10) is divided by 25?
19
Let y = -4 + 3. Let d = y + 6. Let t = -4 - -7. What is the remainder when d is divided by t?
2
What is the remainder when (4/6)/(42/4284) + 2 is divided by 29?
12
Suppose 0 = 2*y + 60*y - 1240. Calculate the remainder when 133 is divided by y.
13
Suppose -5*f + 31 = -3*p, p - 5*p = 3*f - 36. What is the remainder when 199 is divided by f?
7
Let i = -131 + 283. Let y = i + -12. Let v = 207 - y. What is the remainder when v is divided by 17?
16
Let k be (-21 - -16)*2/(-2). Suppose -5*s + 0*s - 50 = -k*y, 3*y = 4*s + 25. Let g = -8 + 14. What is the remainder when y is divided by g?
3
Let k = 90 + -86. Suppose 3*y = -0*p + p - 2, k*p + 3*y - 68 = 0. What is the remainder when 95 is divided by p?
11
Suppose 11*u - 3*u - 344 = 0. Let n be 2*2/4*2. Suppose -n = 2*q - 20. What is the remainder when u is divided by q?
7
Let i = -27 + 42. Let n(s) = -s**3 + 5*s**2 + 15*s - 17. Let z be n(5). Calculate the remainder when 1*z - 0/4 is divided by i.
13
Suppose -w + 1 = -3*w - 3*k, -15 = -5*k. Let u = w - -16. Let y = u + 3. Calculate the remainder when y is divided by 4.
2
Let y(d) = 29*d - 700. What is the remainder when y(35) is divided by 64?
59
Calculate the remainder when 10 is divided by (-6)/15*375/(-15).
0
Let s(r) = r + 8. Let h be s(0). Suppose -20*j - h = -21*j. Calculate the remainder when 31 is divided by j.
7
Let x = -8 + 13. Suppose 23 = x*b - 2. Suppose -57 = -b*c + 2*c. What is the remainder when 35 is divided by c?
16
Let l = -1795 - -1799. Calculate the remainder when 722 is divided by l.
2
Let u(y) = 32*y + 138. What is the remainder when 47 is divided by u(-3)?
5
Let c(g) = g + 3*g**3 + 16*g**2 - 7 + 2 - 4*g**3. Calculate the remainder when c(16) is divided by 6.
5
Suppose 699 = 5*o + 5*j + 119, 0 = -3*o + 5*j + 380. Calculate the remainder when o is divided by 2.
0
Let j = -176 - -194. What is the remainder when 49 is divided by j?
13
Let s = 269 + -264. What is the remainder when 13 is divided by s?
3
What is the remainder when ((-333)/27 + 2)*(-2 + -13) is divided by 26?
25
Suppose -4*m - 13 = -s + 2, 3*m + 15 = 2*s. Suppose -5*x - 5*g = -g + 20, 5*x - s*g = 15. Let q = 3 + x. What is the remainder when q is divided by 1?
0
Suppose -2*g + 20 = 10. Calculate the remainder when 144 is divided by g.
4
Let s(c) = c**2 + 12*c + 45. What is the remainder when 42 is divided by s(-9)?
6
Let h(u) be the first derivative of 2*u**3/3 + 6*u**2 - 34*u - 25. Calculate the remainder when h(-11) is divided by 10.
6
Let h = 340 - 289. Calculate the remainder when 73 is divided by h.
22
Let q(k) = -2*k + 6. Let g be q(-5). Suppose c + g = 5*c. What is the remainder when 47 is divided by c?
3
Let x(s) = 4*s**2 + 2*s. Calculate the remainder when x(-5) is divided by (48/96)/((-1)/(-46)).
21
Let u(n) be the first derivative of 0*n**3 + 4 + 0*n**2 + 5/2*n**4 + 0*n. Calculate the remainder when 28 is divided by u(1).
8
Let l = 3 + 0. Let q be (-4 - (-7 + l))/(-2). Suppose q*s + 28 = 4*s. What is the remainder when s is divided by 4?
3
Suppose 19*w - 13*w = 4194. What is the remainder when w is divided by 35?
34
Suppose 2*f - 4 = 2. Let n be (f/6)/(3/12). Suppose 25 = n*m + 2*w - 11, 4*w - 59 = -3*m. What is the remainder when 37 is divided by m?
11
Let c = 102 - 106. What is the remainder when (c/(-7) - (-68)/28) + 71 is divided by 20?
14
What is the remainder when 396/21 - (-13)/(-182)*-2 is divided by (-14)/(-3) - (-3)/9?
4
Let s(v) = -v**2 + 10*v + 3. Calculate the remainder when s(6) is divided by -2 + 0 + (-5)/((-15)/54).
11
Let x be ((1 - 268)*(-12)/(-18))/(-1). Suppose 298 = 7*p - x. Suppose 4*n + 1 = 3*s - 84, 0 = 2*s + 4*n - 90. What is the remainder when p is divided by s?
33
Suppose 0 = 3*p - 56 - 13. Calculate the remainder when 125 is divided by p.
10
Suppose -j - 11 = -4*a, 4 = 21*j - 17*j. What is the remainder when 232 is divided by a?
1
Suppose 20 = -7*j + 9*j. Let w(d) = -d**2 + 12*d + 13. Suppose -7 - 27 = -2*b. Calculate the remainder when w(j) is divided by b.
16
Suppose 630 = -r + 10*r. Calculate the remainder when r is divided by 33.
4
Let a(j) = 2*j**2 + 2*j - 19. What is the remainder when (0 + -6 + -1)*-1 is divided by a(3)?
2
Let l(u) = 4*u**2 + 16*u + 6. Let o = -55 + 61. Calculate the remainder when l(-5) is divided by o.
2
Let h be 1 - (-22 - (-6)/2). Let d = h + -3. Suppose a - d - 2 = 0. Calculate the remainder when a is divided by 7.
5
What is the remainder when (-4)/(-14) + 7 + 3210/35 is divided by 26?
21
Let r(h) = 2*h**2 - 6*h + 3. Let v be r(4). Suppose v*u - 90 = 6*u. What is the remainder when u is divided by 5?
3
Suppose 57 = g - 4*y, 15*g - 357 = 10*g + 2*y. What is the remainder when 144 is d